What is the remainder when 48 is divided by 18?
12
What is the remainder when 954 is divided by 65?
44
What is the remainder when 3826 is divided by 18?
10
What is the remainder when 131 is divided by 20?
11
Calculate the remainder when 2783 is divided by 254.
243
Calculate the remainder when 444 is divided by 63.
3
What is the remainder when 922 is divided by 184?
2
What is the remainder when 2106 is divided by 42?
6
Calculate the remainder when 1222 is divided by 35.
32
Calculate the remainder when 7131 is divided by 16.
11
Calculate the remainder when 1654 is divided by 549.
7
Calculate the remainder when 481 is divided by 27.
22
What is the remainder when 212 is divided by 19?
3
What is the remainder when 867 is divided by 276?
39
Calculate the remainder when 257 is divided by 98.
61
Calculate the remainder when 3327 is divided by 20.
7
Calculate the remainder when 252 is divided by 17.
14
Calculate the remainder when 49 is divided by 44.
5
What is the remainder when 44 is divided by 29?
15
Calculate the remainder when 196 is divided by 40.
36
Calculate the remainder when 259 is divided by 25.
9
What is the remainder when 1245 is divided by 11?
2
What is the remainder when 454 is divided by 150?
4
What is the remainder when 1696 is divided by 17?
13
What is the remainder when 117 is divided by 53?
11
What is the remainder when 203 is divided by 100?
3
Calculate the remainder when 367 is divided by 12.
7
Calculate the remainder when 335 is divided by 55.
5
Calculate the remainder when 1279 is divided by 141.
10
What is the remainder when 814 is divided by 164?
158
Calculate the remainder when 645 is divided by 301.
43
Calculate the remainder when 163 is divided by 32.
3
Calculate the remainder when 2829 is divided by 63.
57
Calculate the remainder when 1767 is divided by 24.
15
What is the remainder when 39 is divided by 7?
4
Calculate the remainder when 29 is divided by 6.
5
Calculate the remainder when 152 is divided by 77.
75
Calculate the remainder when 25 is divided by 2.
1
What is the remainder when 912 is divided by 131?
126
Calculate the remainder when 380 is divided by 43.
36
Calculate the remainder when 122 is divided by 28.
10
Calculate the remainder when 51 is divided by 13.
12
Calculate the remainder when 249 is divided by 42.
39
Calculate the remainder when 157 is divided by 78.
1
What is the remainder when 81 is divided by 49?
32
What is the remainder when 1319 is divided by 27?
23
Calculate the remainder when 1875 is divided by 621.
12
What is the remainder when 838 is divided by 15?
13
What is the remainder when 649 is divided by 636?
13
What is the remainder when 1678 is divided by 293?
213
Calculate the remainder when 401 is divided by 37.
31
What is the remainder when 2305 is divided by 26?
17
What is the remainder when 205 is divided by 123?
82
Calculate the remainder when 110 is divided by 57.
53
Calculate the remainder when 27 is divided by 14.
13
Calculate the remainder when 10103 is divided by 43.
41
What is the remainder when 41 is divided by 9?
5
Calculate the remainder when 319 is divided by 55.
44
What is the remainder when 78 is divided by 35?
8
What is the remainder when 78 is divided by 8?
6
What is the remainder when 2184 is divided by 115?
114
What is the remainder when 52 is divided by 20?
12
Calculate the remainder when 85 is divided by 48.
37
Calculate the remainder when 285 is divided by 143.
142
What is the remainder when 69 is divided by 38?
31
What is the remainder when 561 is divided by 61?
12
Calculate the remainder when 11170 is divided by 12.
10
Calculate the remainder when 142 is divided by 65.
12
What is the remainder when 435 is divided by 305?
130
What is the remainder when 215 is divided by 44?
39
Calculate the remainder when 477 is divided by 15.
12
Calculate the remainder when 251 is divided by 80.
11
What is the remainder when 1034 is divided by 35?
19
Calculate the remainder when 349 is divided by 113.
10
What is the remainder when 352 is divided by 36?
28
Calculate the remainder when 29 is divided by 18.
11
Calculate the remainder when 2373 is divided by 54.
51
Calculate the remainder when 3552 is divided by 35.
17
Calculate the remainder when 143 is divided by 14.
3
Calculate the remainder when 1053 is divided by 52.
13
Calculate the remainder when 137 is divided by 61.
15
Calculate the remainder when 278 is divided by 28.
26
Calculate the remainder when 4397 is divided by 25.
22
What is the remainder when 1801 is divided by 27?
19
Calculate the remainder when 343 is divided by 312.
31
What is the remainder when 388 is divided by 15?
13
What is the remainder when 4215 is divided by 124?
123
What is the remainder when 111 is divided by 14?
13
Calculate the remainder when 53 is divided by 5.
3
Calculate the remainder when 833 is divided by 524.
309
Calculate the remainder when 50 is divided by 38.
12
What is the remainder when 1214 is divided by 87?
83
Calculate the remainder when 77 is divided by 8.
5
What is the remainder when 61 is divided by 30?
1
What is the remainder when 102 is divided by 22?
14
Calculate the remainder when 1210 is divided by 1202.
8
Calculate the remainder when 7084 is divided by 165.
154
Calculate the remainder when 14543 is divided by 101.
100
Calculate the remainder when 1143 is divided by 8.
7
Calculate the remainder when 1169 is divided by 90.
89
What is the remainder when 231 is divided by 65?
36
What is the remainder when 605 is divided by 29?
25
Calculate the remainder when 2169 is divided by 367.
334
Calculate the remainder when 711 is divided by 210.
81
What is the remainder when 106 is divided by 11?
7
What is the remainder when 242 is divided by 49?
46
Calculate the remainder when 1736 is divided by 193.
192
Calculate the remainder when 133 is divided by 13.
3
What is the remainder when 45 is divided by 26?
19
Calculate the remainder when 1094 is divided by 38.
30
Calculate the remainder when 634 is divided by 12.
10
What is the remainder when 212 is divided by 36?
32
What is the remainder when 667 is divided by 76?
59
Calculate the remainder when 6237 is divided by 52.
49
Calculate the remainder when 967 is divided by 44.
43
What is the remainder when 706 is divided by 71?
67
What is the remainder when 687 is divided by 23?
20
What is the remainder when 113 is divided by 24?
17
What is the remainder when 21481 is divided by 77?
75
What is the remainder when 5349 is divided by 103?
96
What is the remainder when 4107 is divided by 137?
134
What is the remainder when 74 is divided by 61?
13
What is the remainder when 114 is divided by 33?
15
What is the remainder when 6289 is divided by 203?
199
What is the remainder when 1120 is divided by 66?
64
Calculate the remainder when 305 is divided by 94.
23
Calculate the remainder when 491 is divided by 40.
11
What is the remainder when 875 is divided by 285?
20
Calculate the remainder when 9421 is divided by 26.
9
What is the remainder when 701 is divided by 26?
25
Calculate the remainder when 415 is divided by 52.
51
Calculate the remainder when 366 is divided by 15.
6
Calculate the remainder when 587 is divided by 289.
9
What is the remainder when 240 is divided by 40?
0
Calculate the remainder when 305 is divided by 41.
18
Calculate the remainder when 1596 is divided by 13.
10
What is the remainder when 126 is divided by 65?
61
Calculate the remainder when 423 is divided by 53.
52
Calculate the remainder when 28693 is divided by 211.
208
What is the remainder when 1169 is divided by 51?
47
What is the remainder when 4209 is divided by 54?
51
Calculate the remainder when 671 is divided by 130.
21
Calculate the remainder when 78 is divided by 21.
15
Calculate the remainder when 104 is divided by 99.
5
Calculate the remainder when 155 is divided by 33.
23
What is the remainder when 2869 is divided by 84?
13
What is the remainder when 108 is divided by 34?
6
What is the remainder when 366 is divided by 53?
48
Calculate the remainder when 1092 is divided by 220.
212
What is the remainder when 998 is divided by 143?
140
Calculate the remainder when 116 is divided by 61.
55
Calculate the remainder when 323 is divided by 91.
50
Calculate the remainder when 233 is divided by 47.
45
What is the remainder when 5